
Suppose -5*o - 59 - 21 = -5*b, 0 = b + 2*o - 4. What is the remainder when 33 is divided by (-4)/(-16) - (-201)/b?
16
Let g = -6 + 7. Suppose -7 - 3 = -5*y. What is the remainder when y is divided by g?
0
Suppose -12 = -w - 3*w. Suppose 3*r - w = 0, 0 = -3*x + x - 4*r + 28. Calculate the remainder when 59 is divided by x.
11
Suppose -2 = z - 6. Suppose 4*h = -z*u + 308, h + 1 = -4. Calculate the remainder when u is divided by (-170)/(-8) - 1/4.
19
Let q = 64 + -41. What is the remainder when (-2)/(-6) - 131/(-3) is divided by q?
21
Suppose -s + 0*o - o = -23, -o + 41 = 2*s. Calculate the remainder when 28 is divided by s.
10
Suppose 0 = -4*r + 2*r - 6. Calculate the remainder when r/(-5) + (-376)/(-40) is divided by 4.
2
Let p(o) be the third derivative of -o**6/120 + 2*o**5/15 - o**4/12 - o**3 - 6*o**2. What is the remainder when p(7) is divided by 15?
14
Let r(f) = 3*f**2 + 4*f. Calculate the remainder when r(-3) is divided by 6.
3
Let d(n) be the third derivative of -3/8*n**4 - 2/15*n**5 + 0*n - n**3 - 1/120*n**6 + n**2 + 0. Calculate the remainder when 22 is divided by d(-7).
6
Let y be (1 - -1 - -204) + -2. What is the remainder when y/10 + 12/20 is divided by 8?
5
Suppose 0 = -2*r - x + 70, 0 = -r - 0*r + 5*x + 57. What is the remainder when r is divided by 20?
17
Let z(p) be the third derivative of p**4/8 - p**3/6 + p**2. Calculate the remainder when z(8) is divided by (-108)/(-14) + 10/35.
7
Let w(g) = -g - 3. Let s be w(-7). Suppose 0*u - 3*u - 60 = -2*i, -s*u = -5*i + 80. Let f = u - -34. Calculate the remainder when f is divided by 8.
6
Suppose 4*n - 10 = -2. What is the remainder when 11 is divided by n?
1
Let x = 31 - 18. Let v = x - 6. Calculate the remainder when v is divided by 45/12 - (-1)/4.
3
Suppose 5*a - 15 = 25. Let s = -1 + a. Suppose 5*z - 2*y = z + 8, -3*z - 8 = -5*y. What is the remainder when s is divided by z?
3
Suppose a = 2*a - 2*d + 2, -a = 2*d - 10. Let u(v) = v**2 - 11*v + 3. Let y be u(11). Suppose -y*k + 7 + 26 = 0. Calculate the remainder when k is divided by a.
3
Let x = -38 + 123. Suppose 74 = 3*a + n + n, 0 = -3*n + 12. Calculate the remainder when x is divided by a.
19
Suppose -c = -3*c + 90. Suppose -8 = -75*j + 71*j. Suppose -3*h + 42 = -u, j*h + 2*u - c = -3*u. What is the remainder when 43 is divided by h?
13
Let w = 199 - 287. What is the remainder when 195/(-6)*(-5)/((-25)/(-4)) is divided by w/(-6) - (-6)/(-9)?
12
Suppose -8*w = -w - 126. What is the remainder when 50 is divided by w?
14
Let j be (2/(-4) + 1)*12. Let r(y) = y**3 - 5*y**2 - 7*y + 5. Let s be r(j). What is the remainder when 25*(-6)/(-3) + s is divided by 13?
10
Suppose 0 = -d - 3*d + 176. What is the remainder when d is divided by 15?
14
Suppose 0*r - 68 = -4*r. Calculate the remainder when (45 - (2 - 6))*1 is divided by r.
15
Let l(s) = 6*s**2 + 7*s + 3. Calculate the remainder when 69 is divided by l(-3).
33
Suppose 2*a + 36 = 4*c, 4*c = -0*c + 3*a + 36. What is the remainder when 17 is divided by c?
8
Let o(p) = -p**3 - p. Let v be o(-1). Suppose 0 = 4*i - v - 6. Let g = 38 - 36. What is the remainder when g is divided by i?
0
Let g(a) = -3*a**3 - 3*a + 4. Let o be g(3). Let w = o + 147. Suppose 3*f = 2*x - 4*x + 54, 4*f - w = x. Calculate the remainder when f is divided by 6.
4
Let p(y) = y**2 + 6*y + 4. Let g be p(-5). Let r(c) = 8*c**2 - 2*c - 1. Calculate the remainder when r(g) is divided by ((-165)/44)/(3/(-4)).
4
Let o be (47 - (1 + -1))/1. Let y = o - 24. Calculate the remainder when y is divided by 8.
7
Let z(u) = u**3 - 6*u**2 + u - 2. Calculate the remainder when z(7) is divided by 28.
26
Suppose 5*m = -2*l + 228, -5*m - 2*l + 236 = 2*l. Let j be (-4)/(-1) - (-3 + 1). Suppose -j*d = -100 + 10. Calculate the remainder when m is divided by d.
14
Let m(b) = 76*b**3 + b**2 - b + 1. What is the remainder when m(1) is divided by 13?
12
Suppose 0 = -w - w + 8, -4*g + w + 44 = 0. Calculate the remainder when 32 is divided by 22/(-3)*g/(-8).
10
Let g(m) be the second derivative of m**5/20 + 5*m**4/12 - m**3/3 + 5*m. What is the remainder when 38 is divided by g(-5)?
8
Suppose 0 = 5*l - 822 - 498. Let m = -22 + 37. Calculate the remainder when ((-3)/(-2))/(9/l) is divided by m.
14
Let h(n) = 45*n - 27. What is the remainder when h(4) is divided by 39?
36
Suppose 2*y + 5 = n - y, -4*y = -4. Calculate the remainder when 60 is divided by n.
4
Let a = 165 - 95. What is the remainder when a is divided by 24?
22
Let d be 6/(-4) - (-139)/2. Suppose -3*b = 4*a - 108, -3*a + 0*b + b + d = 0. Let o(l) = 44*l + 2. What is the remainder when o(1) is divided by a?
22
Let n be 7 + 1*(-1)/1. Let f(p) = 5*p**2 - 2*p - 2. Calculate the remainder when n*(46/6 + -1) is divided by f(2).
12
Suppose -2*n + 2*b + 20 - 2 = 0, -25 = -n + 5*b. Suppose -19 = 5*d - 2*w - 97, -4*w - 86 = -n*d. What is the remainder when 54 is divided by d?
12
Suppose 80 = 4*j - 2*a + 12, -5*a + 46 = 2*j. Calculate the remainder when 124 is divided by j.
16
Let l(z) = 32*z**2. Calculate the remainder when l(-1) is divided by 7.
4
Let v(j) = 2*j**2 - 14*j + 8. What is the remainder when 93 is divided by v(8)?
21
Suppose -21 = -2*b + 17. Calculate the remainder when b is divided by 7.
5
Let y(n) = n**2 - 6*n + 5. Let g be y(5). Let w be (-2 - -2)/(-3 - -6). Calculate the remainder when 13 is divided by (g - (-1 + w))*7.
6
Let z = 99 - 90. What is the remainder when 80 is divided by z?
8
Suppose -3*v + 6*v = -3. What is the remainder when (-10)/4*6/v is divided by (-8)/1*(0 + -1)?
7
Let g = 22 - -3. Calculate the remainder when g is divided by 7.
4
Let i = -16 - -53. Calculate the remainder when i is divided by 11.
4
Suppose -3*u + 5*p = -0*u - 81, -2*u + 41 = p. Suppose 5*t - q - 16 = 3*t, 4 = q. Suppose -x + 2 = -t. Calculate the remainder when u is divided by x.
10
Suppose 25 = -3*m + 8*m. Let t(d) = d**2 - 3*d + 7. What is the remainder when t(m) is divided by 9?
8
Let u(r) = r + 37. Calculate the remainder when 100 is divided by u(-3).
32
Suppose -4*g = -3*g - 13. Let b be 6/(-4)*344/(-6). Suppose 2*m - b = -10. What is the remainder when m is divided by g?
12
Suppose -4*q + 0*q - 4 = 0, 0 = m + 3*q - 45. Let x = m + -34. What is the remainder when 26 is divided by x?
12
Suppose 0 = 3*p + x, 0 = 2*p - x + 4*x. Suppose p*g = -g + 29. Calculate the remainder when g is divided by 10.
9
Let z = 11 - 6. Suppose -z*k + 0*k = -35. Calculate the remainder when 25 is divided by k.
4
Let i = 34 + -12. Suppose -3*v - 127 = -2*p + 7*p, 37 = -v + p. What is the remainder when i is divided by v/(-5) - (-2)/10?
6
Let u(k) = 7*k**3 + 3*k**2 - 2*k + 2. Suppose -3*z + 65 = 2*r, 0 = -3*z + 2*z - r + 21. Calculate the remainder when u(2) is divided by z.
20
Suppose 9 = -0*m - 5*m - 3*b, -2*m + 4*b - 14 = 0. What is the remainder when 3 + m - (1 - 4) is divided by -1 - -6 - 6/2?
1
Suppose o + 28 = 2*k - 2*o, 5*o = -k + 40. Calculate the remainder when k is divided by 7.
6
Suppose 3*u - 5*b + 124 = 0, u - 3*b + 147 = -3*u. Calculate the remainder when (0 - 1) + 11*4 is divided by (-8)/12*u/2.
10
Let u(k) be the second derivative of -k**5/20 - k**4 - 11*k**3/6 + k**2 + k. Calculate the remainder when 4 is divided by u(-11).
0
Let g = 6 - -3. Suppose -16*t + 15*t + 33 = 0. Calculate the remainder when t is divided by g.
6
Let s(a) = 9*a + 4. Let k(w) = 2*w**2 - 4*w**3 + 2*w**2 + 5 + 5*w**3 - 5*w. Let z be k(-5). What is the remainder when s(z) is divided by 17?
15
Let y(s) = -2*s**3 - 3*s**2 + 2. Let j(a) = a + 10. Let q be j(-12). Calculate the remainder when 15 is divided by y(q).
3
What is the remainder when (172/7)/2 - 4/14 is divided by 3?
0
Let j(g) = -g - 7. Let b be j(-3). What is the remainder when 55 is divided by 890/30 + b/6?
26
Suppose 0 = k + 4*p - 2, -k - 3*p - 2*p + 1 = 0. Let h = -11 + 8. What is the remainder when 10 is divided by -3*h/k*2?
1
Let q be 1/(87/42 - 2). Let b = q + -10. Calculate the remainder when b is divided by 3.
1
Let t(h) = -h**2 + 7*h + 8. Let q be t(8). Let i = q - -2. Suppose -i*y + 70 = 3*y. Calculate the remainder when 26 is divided by y.
12
Let s be (-3)/(2 + 13/(-6)). Suppose 2*i - 20 = 48. Let g = i - s. What is the remainder when g is divided by 9?
7
Suppose -2*u - 15 = -3*u + 5*z, 4*z + 8 = 0. Suppose -u*m + 19 = -4*m. What is the remainder wh